t is the greatest common factor of 1110 and 12030?
30
What is the greatest common divisor of 728 and 146272?
56
Calculate the highest common factor of 2872 and 160114.
718
What is the greatest common factor of 87 and 402491?
29
Calculate the highest common divisor of 1254 and 7182.
114
Calculate the highest common divisor of 4460 and 3460.
20
What is the greatest common factor of 306 and 606924?
18
Calculate the highest common factor of 25122 and 18.
6
Calculate the highest common divisor of 2634 and 8238.
6
What is the highest common divisor of 29 and 35235?
29
What is the greatest common factor of 51974 and 338?
26
What is the highest common divisor of 355 and 250559?
71
Calculate the highest common factor of 3800944 and 112.
112
Calculate the highest common factor of 6776 and 1148.
28
Calculate the greatest common divisor of 3009 and 663.
51
What is the highest common divisor of 2552 and 256?
8
What is the greatest common divisor of 4204 and 124?
4
What is the greatest common divisor of 78343 and 13972?
499
What is the greatest common factor of 280489 and 43?
43
What is the highest common factor of 6731 and 53?
53
Calculate the greatest common factor of 92720 and 570.
190
What is the highest common divisor of 28324 and 584?
292
What is the greatest common factor of 1491 and 25773?
213
What is the greatest common divisor of 29795 and 147965?
505
Calculate the highest common factor of 9391176 and 12.
12
Calculate the greatest common divisor of 12578 and 14564.
662
What is the highest common factor of 603920 and 5?
5
What is the greatest common factor of 3798613 and 91?
91
Calculate the greatest common factor of 2507 and 414.
23
What is the highest common divisor of 166488 and 644?
28
What is the greatest common divisor of 168 and 45928?
8
What is the greatest common divisor of 2120 and 2230?
10
What is the highest common divisor of 588212 and 614?
614
What is the greatest common divisor of 90558 and 312?
78
Calculate the highest common factor of 431235 and 2625.
105
What is the highest common divisor of 15621 and 4223?
41
Calculate the greatest common factor of 130139 and 181.
181
Calculate the highest common divisor of 729 and 861.
3
What is the greatest common divisor of 812149 and 13?
13
What is the greatest common divisor of 2036 and 6589514?
1018
Calculate the greatest common factor of 11040 and 8904.
24
What is the highest common divisor of 259 and 12635?
7
Calculate the greatest common factor of 22 and 49467.
11
Calculate the greatest common factor of 106043 and 98.
7
Calculate the greatest common divisor of 9940 and 140.
140
Calculate the highest common divisor of 803498 and 43.
43
Calculate the highest common factor of 5850 and 205650.
450
Calculate the highest common factor of 6 and 13071.
3
Calculate the greatest common factor of 2475 and 4860.
45
Calculate the greatest common divisor of 70 and 103670.
70
What is the greatest common divisor of 9272 and 12920?
152
Calculate the highest common divisor of 637567 and 7.
7
What is the highest common divisor of 1092365 and 2218?
1109
Calculate the highest common divisor of 83 and 193.
1
What is the highest common divisor of 5499 and 8883?
423
What is the highest common divisor of 141200 and 70?
10
What is the greatest common factor of 171 and 67914?
9
Calculate the greatest common divisor of 123 and 303.
3
What is the highest common factor of 3585 and 68832?
717
What is the greatest common factor of 80731 and 10507?
133
What is the highest common factor of 9 and 307044?
9
Calculate the greatest common factor of 48901 and 619.
619
Calculate the greatest common factor of 29660 and 180.
20
Calculate the greatest common divisor of 2 and 42454.
2
What is the greatest common divisor of 62 and 19592?
62
What is the highest common divisor of 221 and 6799?
13
Calculate the greatest common divisor of 765308 and 592.
148
What is the greatest common factor of 10478 and 3968?
62
Calculate the highest common divisor of 43346 and 10.
2
Calculate the highest common divisor of 776 and 12558008.
776
Calculate the greatest common factor of 1158 and 6172526.
386
What is the greatest common divisor of 660 and 723745?
55
Calculate the greatest common divisor of 7122 and 9823612.
2374
What is the highest common factor of 63240 and 17544?
408
Calculate the greatest common factor of 56 and 133.
7
Calculate the highest common divisor of 18438 and 126.
42
Calculate the highest common factor of 8379 and 539.
49
Calculate the greatest common divisor of 100 and 130500.
100
What is the greatest common factor of 781 and 11076?
71
What is the greatest common factor of 14 and 246372?
14
Calculate the greatest common divisor of 3216 and 1536.
48
Calculate the highest common divisor of 228031 and 37.
37
What is the highest common factor of 28567 and 48389?
583
Calculate the highest common divisor of 8180 and 620.
20
Calculate the greatest common divisor of 110 and 357610.
110
What is the highest common divisor of 2079 and 1059102?
297
Calculate the highest common factor of 20079 and 828.
207
Calculate the highest common divisor of 10 and 17735.
5
Calculate the greatest common divisor of 165188 and 6283.
61
Calculate the highest common factor of 161139 and 418.
209
What is the highest common factor of 37026 and 3213?
153
What is the highest common factor of 2750726 and 44?
22
Calculate the greatest common divisor of 2661832 and 8.
8
Calculate the greatest common divisor of 75 and 5410.
5
Calculate the highest common divisor of 573056 and 4.
4
Calculate the highest common factor of 882 and 20979.
63
Calculate the greatest common divisor of 3325 and 22925.
175
What is the highest common divisor of 10208 and 62656?
352
Calculate the greatest common factor of 40991 and 3.
1
What is the highest common divisor of 82302 and 43?
43
What is the highest common factor of 50092 and 252?
28
What is the greatest common factor of 8894725 and 2450?
1225
What is the greatest common divisor of 187726 and 308?
154
Calculate the highest common divisor of 60 and 3610.
10
What is the highest common divisor of 1599 and 3744?
39
What is the highest common factor of 110401 and 9379?
113
Calculate the highest common divisor of 214 and 27499.
107
Calculate the highest common divisor of 23155 and 40.
5
Calculate the highest common factor of 176 and 764.
4
What is the greatest common divisor of 3610 and 5890?
190
Calculate the highest common divisor of 334116 and 28.
4
Calculate the highest common factor of 10963 and 247.
19
What is the greatest common divisor of 78476 and 368?
92
What is the greatest common factor of 2349 and 11049?
87
What is the highest common factor of 346 and 2442241?
173
Calculate the greatest common divisor of 632 and 14096.
8
What is the highest common factor of 153690 and 6063?
141
Calculate the greatest common divisor of 4017 and 25029.
309
What is the greatest common divisor of 78907 and 19?
19
Calculate the greatest common divisor of 7505 and 116999.
79
Calculate the highest common divisor of 55282 and 1266.
422
Calculate the greatest common divisor of 3437 and 138953.
491
Calculate the greatest common factor of 10887 and 399.
57
What is the highest common factor of 2397 and 2499?
51
What is the greatest common factor of 335 and 161135?
335
What is the greatest common divisor of 102 and 34306?
34
What is the greatest common divisor of 1719 and 39728?
191
Calculate the highest common factor of 1149212 and 1740.
116
What is the greatest common factor of 308 and 379610?
154
What is the greatest common divisor of 26955 and 135?
45
What is the highest common divisor of 840 and 942060?
420
Calculate the greatest common factor of 687 and 375.
3
Calculate the greatest common divisor of 456 and 548856.
24
What is the highest common divisor of 11894 and 179662?
626
What is the highest common factor of 98 and 4603893?
49
Calculate the highest common factor of 2835 and 790.
5
What is the greatest common divisor of 731877 and 318?
159
Calculate the greatest common divisor of 1118931 and 615.
123
What is the highest common divisor of 1645 and 55601?
329
Calculate the greatest common divisor of 40868 and 68.
68
Calculate the highest common factor of 25270 and 192850.
1330
Calculate the greatest common divisor of 12 and 2409588.
12
Wh